{"id":219,"date":"2020-07-31T17:57:56","date_gmt":"2020-07-31T15:57:56","guid":{"rendered":"http:\/\/www.naturheilpraxis-pfluger.de\/?page_id=219"},"modified":"2024-11-22T09:11:47","modified_gmt":"2024-11-22T08:11:47","slug":"home","status":"publish","type":"page","link":"https:\/\/www.naturheilpraxis-pfluger.de\/","title":{"rendered":"Home"},"content":{"rendered":"<table style=\"border-collapse: collapse; width: 100%;\">\n<tbody>\n<tr>\n<td style=\"text-align: left; vertical-align: top; width: 99.9274%;\" colspan=\"2\"><img loading=\"lazy\" class=\"alignleft size-full wp-image-83\" src=\"https:\/\/www.naturheilpraxis-pfluger.de\/wp-content\/uploads\/2020\/03\/logo_200.png\" alt=\"\" width=\"200\" height=\"230\" \/><\/p>\n<p><img loading=\"lazy\" class=\"wp-image-824 size-full alignright\" src=\"https:\/\/www.naturheilpraxis-pfluger.de\/wp-content\/uploads\/2021\/05\/bild_birgit_72-2.png\" alt=\"\" width=\"212\" height=\"274\" \/><\/p>\n<p style=\"text-align: center;\"><span style=\"color: #008000;\"><em><span style=\"font-size: 14pt; font-family: arial, helvetica, sans-serif;\"><strong>Willkommen<br \/>\nin meiner Praxis<br \/>\nf\u00fcr<br \/>\n<\/strong><\/span><span style=\"font-size: 14pt; font-family: arial, helvetica, sans-serif;\"><strong>Naturheilkunde<br \/>\nund<br \/>\nOsteopathie<\/strong><\/span><\/em><\/span><\/p>\n<p>&nbsp;<\/p>\n<p>&nbsp;<\/p>\n<p>&nbsp;<\/p>\n<p>&nbsp;<\/p>\n<p style=\"text-align: center;\"><span style=\"color: #0064b4;\"><em><span style=\"font-family: 'arial black', sans-serif;\">NAT\u00dcRLICH &#8211; GANZHEITLICH &#8211; EINF\u00dcHLSAM<br \/>\n<\/span><\/em><\/span><span style=\"color: #0064b4;\"><em><span style=\"font-family: 'arial black', sans-serif;\">Auf diesen Attributen basiert meine Therapie\u00a0<\/span><\/em><\/span><\/p>\n<p>&nbsp;<\/td>\n<\/tr>\n<tr>\n<td style=\"text-align: left; vertical-align: top; width: 99.9274%;\" colspan=\"2\"><strong><span style=\"font-family: 'arial black', sans-serif;\"><span style=\"font-size: 18pt;\">Praxisphilosophie<\/span><\/span><\/strong><\/p>\n<p><span style=\"font-family: arial, helvetica, sans-serif;\">Als ganzheitlich denkende und einf\u00fchlsame Therapeutin werden Sie bei mir ganz nach Ihren Bed\u00fcrfnissen und individuellen Beschwerden behandelt. Zu meiner ganzheitlichen Behandlung geh\u00f6rt eine pr\u00e4zise und umfangreiche Diagnosefindung, fundiertes Wissen \u00fcber Anatomie und Physiologie. Nur so ist es m\u00f6glich den urs\u00e4chlichen Entstehungsort Ihrer Beschwerden zu finden.<br \/>\nDort hole ich Sie ab. <\/span><span style=\"font-family: arial, helvetica, sans-serif;\">Ein Mensch unterliegt einem st\u00e4ndigen rhythmischen Prozess. Denken Sie an Ihr Herz, es schl\u00e4gt rhythmisch, Ihre Atmung auch diese ist rhythmisch und auch Ihre craniosacrale Bewegung ist rhythmisch. <\/span><span style=\"font-family: arial, helvetica, sans-serif;\">Alle lebendigen Prozesse sind nicht statisch, sondern besitzen ihre eigene Dynamik. <\/span><span style=\"font-family: arial, helvetica, sans-serif;\">Ein wichtiger osteopathischer Grundsatz lautet &#8222;BEWEGUNG IST LEBEN&#8220;. Der K\u00f6rper des Menschen ben\u00f6tigt eine intakte Zirkulation und eine intakte Bewegung. Eine Dysfunktion in einem K\u00f6rpersystem bzw. im biologischem Flie\u00dfgleichgewicht beeinflusst auch andere K\u00f6rperregionen. Symptome, in Form von Blockaden, Empfindungsst\u00f6rungen oder schwere Krankheiten sind oft die letzte Ausdrucksm\u00f6glichkeit des K\u00f6rpers in einer Reihe von Restriktionen und Kompensationen innerhalb des Systems.<\/span><\/p>\n<p><span style=\"font-family: arial, helvetica, sans-serif;\">Erfahren Sie mehr und profitieren Sie von meinen Erfahrungen als Heilpraktikerin, Osteopathin, Gesundheits- und Krankenpflegerin, Massagetherapeutin und Wundexpertin.<\/span><\/td>\n<\/tr>\n<tr>\n<td style=\"text-align: left; vertical-align: top; width: 99.9274%;\" colspan=\"2\"><span style=\"font-family: arial, helvetica, sans-serif;\">\u00a0<\/span><\/td>\n<\/tr>\n<tr>\n<td style=\"width: 49.9637%; text-align: left; vertical-align: top;\" scope=\"row\"><a href=\"https:\/\/www.naturheilpraxis-pfluger.de\/?page_id=322\"><img loading=\"lazy\" class=\"alignleft wp-image-740 size-full\" src=\"https:\/\/www.naturheilpraxis-pfluger.de\/wp-content\/uploads\/2020\/10\/heilpraktik.jpg\" alt=\"\" width=\"300\" height=\"200\" \/><\/a><\/td>\n<td style=\"width: 49.9637%; text-align: left; vertical-align: top;\" scope=\"row\"><span style=\"font-size: 14pt; font-family: arial, helvetica, sans-serif;\"><strong>Heilpraktik<\/strong><\/span><\/p>\n<p><span style=\"font-family: arial, helvetica, sans-serif;\">Die Heilpraktik als alternativmedizinisches Verfahren beruht auf Diagnose- und Behandlungsmethoden, die den Menschen ganzheitlich betrachtet und mit Hilfe verschiedenster Verfahren aus Medizin und Naturheilkunde, die Selbstheilungskr\u00e4fte aktiviert.<\/span><\/td>\n<\/tr>\n<tr>\n<td style=\"width: 49.9637%; text-align: left; vertical-align: top;\" scope=\"row\"><a href=\"?page_id=327\"><img loading=\"lazy\" class=\"alignleft wp-image-659 size-full\" src=\"https:\/\/www.naturheilpraxis-pfluger.de\/wp-content\/uploads\/2020\/09\/osteopathie.jpg\" alt=\"\" width=\"300\" height=\"200\" \/><\/a><\/td>\n<td style=\"width: 49.9637%; text-align: left; vertical-align: top;\" scope=\"row\"><strong><span style=\"font-family: arial, helvetica, sans-serif; font-size: 14pt;\">Osteopathie<\/span><\/strong><\/p>\n<p><span style=\"font-family: arial, helvetica, sans-serif;\">Als komplement\u00e4rmedizinische Behandlungsmethode, imponiert die Osteopathie als ein manuelles Untersuchungs- und Behandlungsverfahren f\u00fcr den Bewegungsapparat, die Organe und das Nervensystem.<br \/>\n<\/span><\/td>\n<\/tr>\n<tr>\n<td style=\"width: 49.9637%; text-align: left; vertical-align: top;\" scope=\"row\"><a href=\"https:\/\/www.naturheilpraxis-pfluger.de\/?page_id=349\"><img loading=\"lazy\" class=\"alignleft size-full wp-image-382\" src=\"https:\/\/www.naturheilpraxis-pfluger.de\/wp-content\/uploads\/2020\/08\/Massage.jpg\" alt=\"\" width=\"300\" height=\"200\" \/><\/a><\/td>\n<td style=\"width: 49.9637%; text-align: left; vertical-align: top;\" scope=\"row\"><span style=\"font-family: arial, helvetica, sans-serif; font-size: 14pt;\"><strong>Massage bedeutet:<\/strong><\/span><\/p>\n<p><span style=\"font-family: arial, helvetica, sans-serif;\">ber\u00fchren, betasten (arabisch)<\/span><br \/>\n<span style=\"font-family: arial, helvetica, sans-serif;\">kauen, kneten (griechisch)<\/span><br \/>\n<span style=\"font-family: arial, helvetica, sans-serif;\">massieren (franz\u00f6sisch)<\/span><\/td>\n<\/tr>\n<tr>\n<td style=\"width: 49.9637%; text-align: left; vertical-align: top;\"><a href=\"https:\/\/www.naturheilpraxis-pfluger.de\/?page_id=680\"><img loading=\"lazy\" class=\"alignleft wp-image-722 size-full\" src=\"https:\/\/www.naturheilpraxis-pfluger.de\/wp-content\/uploads\/2020\/09\/reflexzonen2.jpg\" alt=\"\" width=\"300\" height=\"200\" \/><\/a><\/td>\n<td style=\"width: 49.9637%; text-align: left; vertical-align: top;\"><strong><span style=\"font-family: arial, helvetica, sans-serif; font-size: 14pt;\">Fussreflexzonentherapie<\/span><\/strong><\/p>\n<p><span style=\"font-family: arial, helvetica, sans-serif; font-size: 14pt;\"><span style=\"font-size: 12pt;\">F\u00fc\u00dfe tragen Sie durch Ihr Leben, mal mit Schwung, mal z\u00f6gerlich oder \u00e4rgerlich. <\/span><br \/>\n<span style=\"font-size: 12pt;\">Die Fu\u00dfreflexzonentharapie auch als Umstimmungstherapie bezeichnet, ist eine schonende Methode&#8230;<\/span><\/span><\/td>\n<\/tr>\n<tr>\n<td style=\"width: 49.9637%; text-align: left; vertical-align: top;\"><a href=\"?page_id=695\"><img loading=\"lazy\" class=\"alignleft size-full wp-image-696\" src=\"https:\/\/www.naturheilpraxis-pfluger.de\/wp-content\/uploads\/2020\/09\/schroepfen.jpg\" alt=\"\" width=\"300\" height=\"200\" \/><\/a><\/td>\n<td style=\"width: 49.9637%; text-align: left; vertical-align: top;\"><strong><span style=\"font-family: arial, helvetica, sans-serif; font-size: 14pt;\">Schr\u00f6pftherapie<\/span><\/strong><\/p>\n<p><span style=\"font-family: arial, helvetica, sans-serif; font-size: 14pt;\"><span style=\"font-size: 12pt;\">Schr\u00f6pfen geh\u00f6rt zu den Methoden der Komplement\u00e4rmedizin und z\u00e4hlt zu den \u00e4ltesten Therapieverfahren. Aus naturheilkundlicher Sicht geh\u00f6rt es zu den ausleitenden Verfahren.\u00a0<\/span><\/span><\/td>\n<\/tr>\n<tr>\n<td style=\"width: 49.9637%; text-align: left; vertical-align: top;\"><a href=\"?page_id=702\"><img loading=\"lazy\" class=\"alignleft wp-image-736 size-full\" src=\"https:\/\/www.naturheilpraxis-pfluger.de\/wp-content\/uploads\/2020\/10\/Lymphdrainage2.jpg\" alt=\"\" width=\"300\" height=\"200\" \/><\/a><\/td>\n<td style=\"width: 49.9637%; text-align: left; vertical-align: top;\"><span style=\"font-family: arial, helvetica, sans-serif; font-size: 14pt;\"><strong>Lymphdrainage<\/strong><\/span><\/p>\n<p><span style=\"font-family: arial, helvetica, sans-serif;\">Die Lymphdrainage, eine spezielle Massageform, die zur Behandlung von Lymph\u00f6demen dient. Die Ursache eines Lymph\u00f6dems ist h\u00e4ufig eine krankhafte, chronische, entz\u00fcndliche, Ver\u00e4nderung des Interstitiums.<\/span><\/td>\n<\/tr>\n<tr>\n<td style=\"width: 49.9637%; text-align: left; vertical-align: top;\"><a href=\"?page_id=691\"><img loading=\"lazy\" class=\"alignleft size-full wp-image-692\" src=\"https:\/\/www.naturheilpraxis-pfluger.de\/wp-content\/uploads\/2020\/09\/akupunktur.jpg\" alt=\"\" width=\"300\" height=\"200\" \/><\/a><\/td>\n<td style=\"width: 49.9637%; text-align: left; vertical-align: top;\"><span style=\"font-family: arial, helvetica, sans-serif; font-size: 14pt;\"><strong>Akupunktur<br \/>\n<\/strong><span style=\"font-size: 12pt;\">Die Akupunktur setzt sich aus den Worten acus (lat. = Spitze, Nadel) und pungere (lat. = stechen) zusammen. Sie ist ein Teil der traditionellen Chinesischen Medizin (TCM) \u00a0mit einer Geschichte von mehr als 3000 Jahren.<\/span><\/span><\/td>\n<\/tr>\n<tr>\n<td style=\"width: 49.9637%; text-align: left; vertical-align: top;\" scope=\"row\"><a href=\"https:\/\/www.naturheilpraxis-pfluger.de\/?page_id=351\"><img loading=\"lazy\" class=\"alignleft size-full wp-image-381\" src=\"https:\/\/www.naturheilpraxis-pfluger.de\/wp-content\/uploads\/2020\/08\/Krankenpfleger.jpg\" alt=\"\" width=\"300\" height=\"200\" \/><\/a><\/td>\n<td style=\"width: 49.9637%; text-align: left; vertical-align: top;\" scope=\"row\"><span style=\"font-family: arial, helvetica, sans-serif;\"><strong><span style=\"font-size: 14pt;\">Gesundheits- und Krankenpflege<\/span><\/strong><\/span><\/p>\n<p><span style=\"font-family: arial, helvetica, sans-serif;\">Die Gesundheits- und Krankenpflegerin bzw. der Gesundheits- und Krankenpfleger ist ein reglementierter Heilberuf im deutschen Gesundheitswesen.<\/span><\/td>\n<\/tr>\n<tr>\n<td style=\"width: 49.9637%; text-align: left; vertical-align: top;\" scope=\"row\"><a href=\"?page_id=353\"><img loading=\"lazy\" class=\"wp-image-641 size-full alignleft\" src=\"https:\/\/www.naturheilpraxis-pfluger.de\/wp-content\/uploads\/2020\/09\/wundexperte_iwc.jpg\" alt=\"\" width=\"300\" height=\"200\" \/><\/a><\/td>\n<td style=\"width: 49.9637%; text-align: left; vertical-align: top;\" scope=\"row\"><span style=\"font-family: arial, helvetica, sans-serif;\"><strong><span style=\"font-size: 14pt;\">Wundexpertin nach ICW<\/span> <\/strong><\/span><\/p>\n<p><span style=\"font-family: arial, helvetica, sans-serif;\">Eine chronische Wunde ist ein Defekt der Haut welcher innerhalb von acht Wochen, gem\u00e4\u00df AWMF S3 Leitlinien, bzw. vier bis zw\u00f6lf Wochen, laut DNOP, nach Wundentstehung, auch unter optimaler Behandlung keine Heilungstendenz aufweist. <\/span><\/td>\n<\/tr>\n<\/tbody>\n<\/table>\n<p>&nbsp;<\/p>\n<p>&nbsp;<\/p>\n","protected":false},"excerpt":{"rendered":"<p>Willkommen in meiner Praxis f\u00fcr Naturheilkunde und Osteopathie &nbsp; &nbsp; &nbsp; &nbsp; NAT\u00dcRLICH &#8211; GANZHEITLICH &#8211; EINF\u00dcHLSAM Auf diesen Attributen basiert meine Therapie\u00a0 &nbsp; Praxisphilosophie Als ganzheitlich denkende und einf\u00fchlsame Therapeutin werden Sie bei mir ganz nach Ihren Bed\u00fcrfnissen und<\/p>\n","protected":false},"author":1,"featured_media":0,"parent":0,"menu_order":0,"comment_status":"closed","ping_status":"closed","template":"","meta":[],"_links":{"self":[{"href":"https:\/\/www.naturheilpraxis-pfluger.de\/index.php?rest_route=\/wp\/v2\/pages\/219"}],"collection":[{"href":"https:\/\/www.naturheilpraxis-pfluger.de\/index.php?rest_route=\/wp\/v2\/pages"}],"about":[{"href":"https:\/\/www.naturheilpraxis-pfluger.de\/index.php?rest_route=\/wp\/v2\/types\/page"}],"author":[{"embeddable":true,"href":"https:\/\/www.naturheilpraxis-pfluger.de\/index.php?rest_route=\/wp\/v2\/users\/1"}],"replies":[{"embeddable":true,"href":"https:\/\/www.naturheilpraxis-pfluger.de\/index.php?rest_route=%2Fwp%2Fv2%2Fcomments&post=219"}],"version-history":[{"count":93,"href":"https:\/\/www.naturheilpraxis-pfluger.de\/index.php?rest_route=\/wp\/v2\/pages\/219\/revisions"}],"predecessor-version":[{"id":851,"href":"https:\/\/www.naturheilpraxis-pfluger.de\/index.php?rest_route=\/wp\/v2\/pages\/219\/revisions\/851"}],"wp:attachment":[{"href":"https:\/\/www.naturheilpraxis-pfluger.de\/index.php?rest_route=%2Fwp%2Fv2%2Fmedia&parent=219"}],"curies":[{"name":"wp","href":"https:\/\/api.w.org\/{rel}","templated":true}]}}