{"id":680,"date":"2020-09-29T12:09:06","date_gmt":"2020-09-29T10:09:06","guid":{"rendered":"http:\/\/www.naturheilpraxis-pfluger.de\/?page_id=680"},"modified":"2021-01-12T15:00:45","modified_gmt":"2021-01-12T14:00:45","slug":"fussreflexzonentherapie","status":"publish","type":"page","link":"https:\/\/www.naturheilpraxis-pfluger.de\/?page_id=680","title":{"rendered":"Fussreflexzonentherapie"},"content":{"rendered":"<table style=\"border-collapse: collapse; width: 100%; height: 536px;\">\n<tbody>\n<tr style=\"height: 216px;\">\n<td style=\"width: 300px; height: 216px; text-align: right; vertical-align: bottom;\" scope=\"row\"><img loading=\"lazy\" class=\"wp-image-722 size-full alignright\" src=\"https:\/\/www.naturheilpraxis-pfluger.de\/wp-content\/uploads\/2020\/09\/reflexzonen2.jpg\" alt=\"\" width=\"300\" height=\"200\" \/><\/td>\n<td style=\"width: 300px; height: 216px; text-align: left; vertical-align: top;\" scope=\"row\">\n<div style=\"border: 5px solid green; border-radius: 0 1em 1em 1em; background-color: #effac8; margin: 20px auto; padding: 1em;\">\n<p><span style=\"font-family: arial, helvetica, sans-serif;\"><strong>Fussreflexzonentherapie<\/strong><\/span><\/p>\n<p><span style=\"font-family: arial, helvetica, sans-serif;\">F\u00fc\u00dfe tragen Sie durch Ihr Leben, mal mit Schwung, mal z\u00f6gerlich oder \u00e4rgerlich. Die Fu\u00dfreflexzonentherapie, auch als Umstimmungstherapie bezeichnet, ist eine schonende Methode.<br \/>\n<\/span><\/p>\n<\/div>\n<\/td>\n<\/tr>\n<tr style=\"height: 320px;\">\n<td style=\"height: 320px;\" colspan=\"2\"><span style=\"font-family: arial, helvetica, sans-serif;\">In Abh\u00e4ngigkeit des Fussreflexzonenpunktes, ist es m\u00f6glich unterschiedliche Beschwerden am ganzen K\u00f6rper zu lindern, Selbstheilungskr\u00e4fte zu aktivieren und eine gezielte Entspannung zu erreichen.<\/span><\/p>\n<p><span style=\"font-family: arial, helvetica, sans-serif;\"><strong>Anwendungbereich der Fussreflexzonentherapie<\/strong><\/span><\/p>\n<ul>\n<li><span style=\"font-family: arial, helvetica, sans-serif;\">F\u00f6rderung des Abflusses von Lymphe in den Extremit\u00e4ten<\/span><\/li>\n<li><span style=\"font-family: arial, helvetica, sans-serif;\">L\u00f6sen von muskul\u00e4ren Verspannungen und Blockaden<\/span><\/li>\n<li><span style=\"font-family: arial, helvetica, sans-serif;\">Schmerzen: R\u00fccken-, Schulter-, Nacken-, Kopf- und Ischiasschmerzen<\/span><\/li>\n<li><span style=\"font-family: arial, helvetica, sans-serif;\">Migr\u00e4ne<\/span><\/li>\n<li><span style=\"font-family: arial, helvetica, sans-serif;\">Schlaflosigkeit<\/span><\/li>\n<li><span style=\"font-family: arial, helvetica, sans-serif;\">Allergien<\/span><\/li>\n<li><span style=\"font-family: arial, helvetica, sans-serif;\">Geschw\u00e4chtes Immunsystem<\/span><\/li>\n<li><span style=\"font-family: arial, helvetica, sans-serif;\">Beeintr\u00e4chtigungen des vegetativen Nervensystems<\/span><\/li>\n<li><span style=\"font-family: arial, helvetica, sans-serif;\">Hypertonus der Muskulatur<\/span><\/li>\n<li><span style=\"font-family: arial, helvetica, sans-serif;\">Verdauungsst\u00f6rung z.B. Verstopfung oder Obstipation<\/span><\/li>\n<li><span style=\"font-family: arial, helvetica, sans-serif;\">Menstruationsbeschwerden<\/span><\/li>\n<li><span style=\"font-family: arial, helvetica, sans-serif;\">Asthma<\/span><\/li>\n<\/ul>\n<p><span style=\"font-family: arial, helvetica, sans-serif;\"><strong>Ziel der Fussreflexzonentherapie<br \/>\n<\/strong><\/span><br \/>\n<span style=\"font-family: arial, helvetica, sans-serif;\">Fussreflexzonentherapie unterst\u00fctzt und beeinflu\u00dft positiv:<\/span><\/p>\n<ul>\n<li><span style=\"font-family: arial, helvetica, sans-serif;\">die Organfunktion<\/span><\/li>\n<li><span style=\"font-family: arial, helvetica, sans-serif;\">das Wohlbefinden durch vermehrte Aussch\u00fcttung des \u201eGl\u00fcckshormons\u201c Serotonin<\/span><\/li>\n<li><span style=\"font-family: arial, helvetica, sans-serif;\">die Entspannung der Fussmuskulatur<\/span><\/li>\n<li><span style=\"font-family: arial, helvetica, sans-serif;\">den Abbau von Stress durch Anstieg des Oxytocin-Spiegels<\/span><\/li>\n<li><span style=\"font-family: arial, helvetica, sans-serif;\">die Blutzirkulation<\/span><\/li>\n<li><span style=\"font-family: arial, helvetica, sans-serif;\">die Verdauungst\u00e4tigkeit<\/span><\/li>\n<li><span style=\"font-family: arial, helvetica, sans-serif;\">das vegetative Nervensystem<\/span><\/li>\n<\/ul>\n<\/td>\n<\/tr>\n<tr>\n<td colspan=\"2\"><div id='gallery-1' class='gallery galleryid-680 gallery-columns-2 gallery-size-medium'><figure class='gallery-item'>\n\t\t\t<div class='gallery-icon portrait'>\n\t\t\t\t<a href='https:\/\/www.naturheilpraxis-pfluger.de\/wp-content\/uploads\/2020\/10\/fuss1.jpg'><img width=\"200\" height=\"300\" src=\"https:\/\/www.naturheilpraxis-pfluger.de\/wp-content\/uploads\/2020\/10\/fuss1-200x300.jpg\" class=\"attachment-medium size-medium\" alt=\"\" loading=\"lazy\" srcset=\"https:\/\/www.naturheilpraxis-pfluger.de\/wp-content\/uploads\/2020\/10\/fuss1-200x300.jpg 200w, https:\/\/www.naturheilpraxis-pfluger.de\/wp-content\/uploads\/2020\/10\/fuss1.jpg 600w\" sizes=\"(max-width: 200px) 100vw, 200px\" \/><\/a>\n\t\t\t<\/div><\/figure><figure class='gallery-item'>\n\t\t\t<div class='gallery-icon portrait'>\n\t\t\t\t<a href='https:\/\/www.naturheilpraxis-pfluger.de\/wp-content\/uploads\/2020\/10\/fuss2.jpg'><img width=\"200\" height=\"300\" src=\"https:\/\/www.naturheilpraxis-pfluger.de\/wp-content\/uploads\/2020\/10\/fuss2-200x300.jpg\" class=\"attachment-medium size-medium\" alt=\"\" loading=\"lazy\" srcset=\"https:\/\/www.naturheilpraxis-pfluger.de\/wp-content\/uploads\/2020\/10\/fuss2-200x300.jpg 200w, https:\/\/www.naturheilpraxis-pfluger.de\/wp-content\/uploads\/2020\/10\/fuss2.jpg 600w\" sizes=\"(max-width: 200px) 100vw, 200px\" \/><\/a>\n\t\t\t<\/div><\/figure>\n\t\t<\/div>\n<\/p>\n<p><span style=\"font-family: arial, helvetica, sans-serif;\">\u00a0<\/span><\/td>\n<\/tr>\n<\/tbody>\n<\/table>\n","protected":false},"excerpt":{"rendered":"<p>Fussreflexzonentherapie F\u00fc\u00dfe tragen Sie durch Ihr Leben, mal mit Schwung, mal z\u00f6gerlich oder \u00e4rgerlich. Die Fu\u00dfreflexzonentherapie, auch als Umstimmungstherapie bezeichnet, ist eine schonende Methode. In Abh\u00e4ngigkeit des Fussreflexzonenpunktes, ist es m\u00f6glich unterschiedliche Beschwerden am ganzen K\u00f6rper zu lindern, Selbstheilungskr\u00e4fte zu<\/p>\n","protected":false},"author":1,"featured_media":0,"parent":0,"menu_order":0,"comment_status":"closed","ping_status":"closed","template":"","meta":[],"_links":{"self":[{"href":"https:\/\/www.naturheilpraxis-pfluger.de\/index.php?rest_route=\/wp\/v2\/pages\/680"}],"collection":[{"href":"https:\/\/www.naturheilpraxis-pfluger.de\/index.php?rest_route=\/wp\/v2\/pages"}],"about":[{"href":"https:\/\/www.naturheilpraxis-pfluger.de\/index.php?rest_route=\/wp\/v2\/types\/page"}],"author":[{"embeddable":true,"href":"https:\/\/www.naturheilpraxis-pfluger.de\/index.php?rest_route=\/wp\/v2\/users\/1"}],"replies":[{"embeddable":true,"href":"https:\/\/www.naturheilpraxis-pfluger.de\/index.php?rest_route=%2Fwp%2Fv2%2Fcomments&post=680"}],"version-history":[{"count":19,"href":"https:\/\/www.naturheilpraxis-pfluger.de\/index.php?rest_route=\/wp\/v2\/pages\/680\/revisions"}],"predecessor-version":[{"id":785,"href":"https:\/\/www.naturheilpraxis-pfluger.de\/index.php?rest_route=\/wp\/v2\/pages\/680\/revisions\/785"}],"wp:attachment":[{"href":"https:\/\/www.naturheilpraxis-pfluger.de\/index.php?rest_route=%2Fwp%2Fv2%2Fmedia&parent=680"}],"curies":[{"name":"wp","href":"https:\/\/api.w.org\/{rel}","templated":true}]}}